{"id":1462,"date":"2016-01-06T11:45:45","date_gmt":"2016-01-06T10:45:45","guid":{"rendered":"http:\/\/www.erkareisen.com\/?page_id=1462"},"modified":"2019-02-05T13:17:39","modified_gmt":"2019-02-05T12:17:39","slug":"auf-den-spuren-schwabischer-siedler-im-kaukasus","status":"publish","type":"page","link":"https:\/\/www.erkareisen.com\/?page_id=1462","title":{"rendered":"Auf den Spuren schw\u00e4bischer Siedler im Kaukasus"},"content":{"rendered":"<figure id=\"attachment_1562\" class=\"thumbnail wp-caption aligncenter\" style=\"width: 442px\"><a href=\"http:\/\/s414282258.online.de\/ErkaReiseWP\/wp-content\/uploads\/2016\/01\/Asureti_2.jpg\"><img loading=\"lazy\" class=\" wp-image-1562 \" src=\"http:\/\/s414282258.online.de\/ErkaReiseWP\/wp-content\/uploads\/2016\/01\/Asureti_2.jpg\" alt=\"Schw\u00e4bisches Bauernhaus in Asureti\" width=\"442\" height=\"341\" srcset=\"https:\/\/www.erkareisen.com\/wp-content\/uploads\/2016\/01\/Asureti_2.jpg 1024w, https:\/\/www.erkareisen.com\/wp-content\/uploads\/2016\/01\/Asureti_2-150x115.jpg 150w, https:\/\/www.erkareisen.com\/wp-content\/uploads\/2016\/01\/Asureti_2-300x230.jpg 300w, https:\/\/www.erkareisen.com\/wp-content\/uploads\/2016\/01\/Asureti_2-190x146.jpg 190w, https:\/\/www.erkareisen.com\/wp-content\/uploads\/2016\/01\/Asureti_2-60x46.jpg 60w\" sizes=\"(max-width: 442px) 100vw, 442px\" \/><\/a><figcaption class=\"caption wp-caption-text\">Schw\u00e4bisches Bauernhaus in Asureti<\/figcaption><\/figure>\n<p align=\"center\"><b>Individuelle Terminvereinbarung jederzeit<\/b><\/p>\n<p>Im Jahr 2017 waren es 200 Jahre her, dass aus fast allen St\u00e4dten und Gemeinden W\u00fcrttembergs Hunderte von Familien in den Kaukasus ausgewandert sind.\u00a0 Deshalb bieten wir in Zusammenarbeit mit der Kaukasischen Post spezielle Studienreisen an mit fachkundigen F\u00fchrungen und vielen Hintergrund-Gespr\u00e4chen zur Geschichte der Schw\u00e4bischen Besiedelung des S\u00fcdkaukasus.<\/p>\n<p>Die Detail-Programme werden individuell gestaltet.<\/p>\n<p>Veranstalter ist die Kaukasische Post und der <b><i>KAROmedia-Verlag\/Tbilissi<\/i><\/b>.<\/p>\n<p>&nbsp;<\/p>\n","protected":false},"excerpt":{"rendered":"<p>Individuelle Terminvereinbarung jederzeit Im Jahr 2017 waren es 200 Jahre her, dass aus fast allen St\u00e4dten und Gemeinden W\u00fcrttembergs Hunderte von Familien in den Kaukasus ausgewandert sind.\u00a0 Deshalb bieten wir in Zusammenarbeit mit der Kaukasischen Post spezielle Studienreisen an mit &hellip; <a href=\"https:\/\/www.erkareisen.com\/?page_id=1462\">Weiter<\/a><\/p>\n","protected":false},"author":2,"featured_media":0,"parent":0,"menu_order":0,"comment_status":"closed","ping_status":"closed","template":"","meta":{"kt_blocks_editor_width":"","ngg_post_thumbnail":0},"_links":{"self":[{"href":"https:\/\/www.erkareisen.com\/index.php?rest_route=\/wp\/v2\/pages\/1462"}],"collection":[{"href":"https:\/\/www.erkareisen.com\/index.php?rest_route=\/wp\/v2\/pages"}],"about":[{"href":"https:\/\/www.erkareisen.com\/index.php?rest_route=\/wp\/v2\/types\/page"}],"author":[{"embeddable":true,"href":"https:\/\/www.erkareisen.com\/index.php?rest_route=\/wp\/v2\/users\/2"}],"replies":[{"embeddable":true,"href":"https:\/\/www.erkareisen.com\/index.php?rest_route=%2Fwp%2Fv2%2Fcomments&post=1462"}],"version-history":[{"count":22,"href":"https:\/\/www.erkareisen.com\/index.php?rest_route=\/wp\/v2\/pages\/1462\/revisions"}],"predecessor-version":[{"id":2130,"href":"https:\/\/www.erkareisen.com\/index.php?rest_route=\/wp\/v2\/pages\/1462\/revisions\/2130"}],"wp:attachment":[{"href":"https:\/\/www.erkareisen.com\/index.php?rest_route=%2Fwp%2Fv2%2Fmedia&parent=1462"}],"curies":[{"name":"wp","href":"https:\/\/api.w.org\/{rel}","templated":true}]}}