{"id":2654,"date":"2020-09-03T21:18:46","date_gmt":"2020-09-03T19:18:46","guid":{"rendered":"http:\/\/www.erkareisen.com\/?page_id=2654"},"modified":"2024-01-09T14:25:21","modified_gmt":"2024-01-09T13:25:21","slug":"fotogallerie","status":"publish","type":"page","link":"https:\/\/www.erkareisen.com\/?page_id=2654","title":{"rendered":"Fotogalerien"},"content":{"rendered":"\n<p>\u00dcber die Buttons dieser Seite ver\u00f6ffentlichen wir Foto-Galerien aus und \u00fcber Georgien, unter anderem auch Foto-Reportagen, die uns von unseren Reisegruppen oder Individualreisenden zur Verf\u00fcgung gestellt wurden. Sie geben ein eindrucksvolles Zeugnis davon, was Reisende an Impressionen im Land erwartet.<\/p>\n\n\n\n<p>Kunden von ERKA-Reisen k\u00f6nnen uns jederzeit Ihre fotografischen Impressionen zukommen lassen. Bitte nehmen Sie mit uns Kontakt auf \u00fcber <a href=\"mailto:rainer.kaufmann@erkareisen.de\">rainer.kaufmann@erkareisen.de<\/a> <\/p>\n\n\n\n<p>Daneben finden Sie kleinere Foto-Galerien zu dem einen oder anderen Kleinod oder Thema, das den Reiz Georgiens ausmacht. Dabei scheuen wir uns nicht, neben der faszinierenden Sch\u00f6nheit des Landes auch die soziale und wirtschaftliche Realit\u00e4t darzustellen.<\/p>\n\n\n\n<p>Bitte beachten Sie: Das Copyright f\u00fcr alle Fotos liegt bei ERKA-Reisen GmbH. Sofern die Autoren nicht angegeben werden, sind die Fotos von Rainer Kaufmann.<\/p>\n\n\n\n<p>Weitere Foto-Galerien finden Sie auf <a href=\"http:\/\/www.georgien-erleben.de\">www.georgien-erleben.de<\/a> <\/p>\n","protected":false},"excerpt":{"rendered":"<p>\u00dcber die Buttons dieser Seite ver\u00f6ffentlichen wir Foto-Galerien aus und \u00fcber Georgien, unter anderem auch Foto-Reportagen, die uns von unseren Reisegruppen oder Individualreisenden zur Verf\u00fcgung gestellt wurden. Sie geben ein eindrucksvolles Zeugnis davon, was Reisende an Impressionen im Land erwartet. &hellip; <a href=\"https:\/\/www.erkareisen.com\/?page_id=2654\">Weiter<\/a><\/p>\n","protected":false},"author":2,"featured_media":0,"parent":0,"menu_order":0,"comment_status":"closed","ping_status":"closed","template":"","meta":{"kt_blocks_editor_width":"","ngg_post_thumbnail":0},"_links":{"self":[{"href":"https:\/\/www.erkareisen.com\/index.php?rest_route=\/wp\/v2\/pages\/2654"}],"collection":[{"href":"https:\/\/www.erkareisen.com\/index.php?rest_route=\/wp\/v2\/pages"}],"about":[{"href":"https:\/\/www.erkareisen.com\/index.php?rest_route=\/wp\/v2\/types\/page"}],"author":[{"embeddable":true,"href":"https:\/\/www.erkareisen.com\/index.php?rest_route=\/wp\/v2\/users\/2"}],"replies":[{"embeddable":true,"href":"https:\/\/www.erkareisen.com\/index.php?rest_route=%2Fwp%2Fv2%2Fcomments&post=2654"}],"version-history":[{"count":17,"href":"https:\/\/www.erkareisen.com\/index.php?rest_route=\/wp\/v2\/pages\/2654\/revisions"}],"predecessor-version":[{"id":4302,"href":"https:\/\/www.erkareisen.com\/index.php?rest_route=\/wp\/v2\/pages\/2654\/revisions\/4302"}],"wp:attachment":[{"href":"https:\/\/www.erkareisen.com\/index.php?rest_route=%2Fwp%2Fv2%2Fmedia&parent=2654"}],"curies":[{"name":"wp","href":"https:\/\/api.w.org\/{rel}","templated":true}]}}