{"id":3624,"date":"2024-01-08T10:09:40","date_gmt":"2024-01-08T09:09:40","guid":{"rendered":"https:\/\/www.erkareisen.com\/?page_id=3624"},"modified":"2024-01-10T17:32:10","modified_gmt":"2024-01-10T16:32:10","slug":"trekking-tour","status":"publish","type":"page","link":"https:\/\/www.erkareisen.com\/?page_id=3624","title":{"rendered":"Trekking-Tour Chewi &#8211; Chewsureti &#8211; Tusheti"},"content":{"rendered":"\n<p><strong>Achtt\u00e4gige Wanderung vom Kazbek nach Omalo<br>Buchbar mit oder ohne Rahmenprogramm<\/strong><br><strong>Pilottour 14. &#8211; 30. Juni 2024<\/strong><br><\/p>\n\n\n\n<div class=\"wp-block-media-text alignwide is-stacked-on-mobile\" style=\"grid-template-columns:30% auto\"><figure class=\"wp-block-media-text__media\"><img loading=\"lazy\" width=\"1024\" height=\"768\" src=\"https:\/\/www.erkareisen.com\/wp-content\/uploads\/2024\/01\/IMG_0016-1024x768.jpg\" alt=\"\" class=\"wp-image-3625 size-full\" srcset=\"https:\/\/www.erkareisen.com\/wp-content\/uploads\/2024\/01\/IMG_0016-1024x768.jpg 1024w, https:\/\/www.erkareisen.com\/wp-content\/uploads\/2024\/01\/IMG_0016-300x225.jpg 300w, https:\/\/www.erkareisen.com\/wp-content\/uploads\/2024\/01\/IMG_0016-150x113.jpg 150w, https:\/\/www.erkareisen.com\/wp-content\/uploads\/2024\/01\/IMG_0016-768x576.jpg 768w, https:\/\/www.erkareisen.com\/wp-content\/uploads\/2024\/01\/IMG_0016-1536x1152.jpg 1536w, https:\/\/www.erkareisen.com\/wp-content\/uploads\/2024\/01\/IMG_0016.jpg 2048w\" sizes=\"(max-width: 1024px) 100vw, 1024px\" \/><\/figure><div class=\"wp-block-media-text__content\">\n<p><strong>1. Tag: Anreise<\/strong><br>Flughafentransfer ins Hotel &#8211;&nbsp; \u00dcbernachtung in Tbilissi<\/p>\n\n\n\n<p><strong>2. Tag: Tbilissi \u2013 Stadtbesichtigung und georgische Supra<br><\/strong>Alternativer Stadtrundgang mit Besichtigung auch verborgener Pl\u00e4tze. Besuch des Nationalmuseums, der Altstadt und eine Seilbahnfahrt auf die Festung Nariqala. R\u00fcckweg durch die Altstadt. Am sp\u00e4ten Nachmittag Filmvorf\u00fchrung \u201eL\u00e4nder-Menschen-Abenteuer: Georgien von Null auf 5.000\u201c. Am Abend traditionelle georgische Tafel mit Weinprobe. \u00dcbernachtung in Tbilissi (F\/M\/A).<\/p>\n<\/div><\/div>\n\n\n\n<div class=\"wp-block-media-text alignwide is-stacked-on-mobile\" style=\"grid-template-columns:30% auto\"><figure class=\"wp-block-media-text__media\"><img loading=\"lazy\" width=\"1024\" height=\"768\" src=\"https:\/\/www.erkareisen.com\/wp-content\/uploads\/2024\/01\/IMG_9134-1024x768.jpg\" alt=\"\" class=\"wp-image-3628 size-full\" srcset=\"https:\/\/www.erkareisen.com\/wp-content\/uploads\/2024\/01\/IMG_9134-1024x768.jpg 1024w, https:\/\/www.erkareisen.com\/wp-content\/uploads\/2024\/01\/IMG_9134-300x225.jpg 300w, https:\/\/www.erkareisen.com\/wp-content\/uploads\/2024\/01\/IMG_9134-150x113.jpg 150w, https:\/\/www.erkareisen.com\/wp-content\/uploads\/2024\/01\/IMG_9134-768x576.jpg 768w, https:\/\/www.erkareisen.com\/wp-content\/uploads\/2024\/01\/IMG_9134-1536x1152.jpg 1536w, https:\/\/www.erkareisen.com\/wp-content\/uploads\/2024\/01\/IMG_9134-2048x1536.jpg 2048w\" sizes=\"(max-width: 1024px) 100vw, 1024px\" \/><\/figure><div class=\"wp-block-media-text__content\">\n<p><strong>3. Tag: Transfer nach Stepanzminda<\/strong><br>Fr\u00fchmorgens Fahrt mit dem Gel\u00e4ndewagen \u00fcber die Georgische Heerstra\u00dfe und den Kreuzpass (2.379 m) in den Gro\u00dfen Kaukasus nach Stepanzminda. Unterwegs Besichtigung der historischen Hauptstadt Mzcheta (Dschwari-Kirche, Kathedrale Sveti Zchoveli), der Festung Ananuri und des georgisch-russischen Freundschafts-Denkmals.<br>\u00dcbernachtung in Stepanzminda (F\/M\/A)<\/p>\n<\/div><\/div>\n\n\n\n<div class=\"wp-block-media-text alignwide is-stacked-on-mobile\" style=\"grid-template-columns:30% auto\"><figure class=\"wp-block-media-text__media\"><img loading=\"lazy\" width=\"850\" height=\"567\" src=\"https:\/\/www.erkareisen.com\/wp-content\/uploads\/2024\/01\/a_trekking_04_Kazbegi-Glacier.jpg\" alt=\"\" class=\"wp-image-3631 size-full\" srcset=\"https:\/\/www.erkareisen.com\/wp-content\/uploads\/2024\/01\/a_trekking_04_Kazbegi-Glacier.jpg 850w, https:\/\/www.erkareisen.com\/wp-content\/uploads\/2024\/01\/a_trekking_04_Kazbegi-Glacier-300x200.jpg 300w, https:\/\/www.erkareisen.com\/wp-content\/uploads\/2024\/01\/a_trekking_04_Kazbegi-Glacier-150x100.jpg 150w, https:\/\/www.erkareisen.com\/wp-content\/uploads\/2024\/01\/a_trekking_04_Kazbegi-Glacier-768x512.jpg 768w\" sizes=\"(max-width: 850px) 100vw, 850px\" \/><\/figure><div class=\"wp-block-media-text__content\">\n<p><strong>4. Tag: &nbsp;1. Wandertag<\/strong><br><strong>Stepanzminda &#8211; Gergeti Gletscher \u2013 Stepanzminda<\/strong><\/p>\n\n\n\n<p>Transfer zum Dreifaltigkeitskloster von Gergeti aus dem 14. Jahrhundert (2.200 m), das eindrucksvoll vor dem Gipfel des Kazbek (5.047 m) liegt. Von da Wanderung zur &nbsp;Gletscherzunge des Gergeti-Gletschers (3.300 m). Der R\u00fcckweg erfolgt \u00fcber dieselbe Strecke oder \u00fcber das Dorf Toti zum Dorf Arsha. Von da oder vom Kloster Gergeti Autotransfer nach Stepanzminda.<br>\u00dcbernachtung in Stepanzminda (F\/LP\/A)<\/p>\n<\/div><\/div>\n\n\n\n<div class=\"wp-block-media-text alignwide is-stacked-on-mobile\" style=\"grid-template-columns:30% auto\"><figure class=\"wp-block-media-text__media\"><img loading=\"lazy\" width=\"850\" height=\"567\" src=\"https:\/\/www.erkareisen.com\/wp-content\/uploads\/2024\/01\/a_trekking_06_Juta-Chaukhi.jpg\" alt=\"\" class=\"wp-image-3633 size-full\" srcset=\"https:\/\/www.erkareisen.com\/wp-content\/uploads\/2024\/01\/a_trekking_06_Juta-Chaukhi.jpg 850w, https:\/\/www.erkareisen.com\/wp-content\/uploads\/2024\/01\/a_trekking_06_Juta-Chaukhi-300x200.jpg 300w, https:\/\/www.erkareisen.com\/wp-content\/uploads\/2024\/01\/a_trekking_06_Juta-Chaukhi-150x100.jpg 150w, https:\/\/www.erkareisen.com\/wp-content\/uploads\/2024\/01\/a_trekking_06_Juta-Chaukhi-768x512.jpg 768w\" sizes=\"(max-width: 850px) 100vw, 850px\" \/><\/figure><div class=\"wp-block-media-text__content\">\n<p><strong>5. Tag: 2. Wandertag<\/strong><br><strong>Djuta &#8211; Sadzele Pass \u2013 Roshka<\/strong><\/p>\n\n\n\n<p>Autotransfer zum Dorf Djuta. Von da Wanderung im Chaukhi-Gebirge \u00fcber den Sadzele-Pass (3.056 m) zum Dorf Roshka.<br>\u00dcbernachtung in Roshka (F\/LP\/A)<\/p>\n<\/div><\/div>\n\n\n\n<div class=\"wp-block-media-text alignwide is-stacked-on-mobile\" style=\"grid-template-columns:30% auto\"><figure class=\"wp-block-media-text__media\"><img loading=\"lazy\" width=\"850\" height=\"566\" src=\"https:\/\/www.erkareisen.com\/wp-content\/uploads\/2024\/01\/a_trekking_16_Kistani.jpg\" alt=\"\" class=\"wp-image-3636 size-full\" srcset=\"https:\/\/www.erkareisen.com\/wp-content\/uploads\/2024\/01\/a_trekking_16_Kistani.jpg 850w, https:\/\/www.erkareisen.com\/wp-content\/uploads\/2024\/01\/a_trekking_16_Kistani-300x200.jpg 300w, https:\/\/www.erkareisen.com\/wp-content\/uploads\/2024\/01\/a_trekking_16_Kistani-150x100.jpg 150w, https:\/\/www.erkareisen.com\/wp-content\/uploads\/2024\/01\/a_trekking_16_Kistani-768x511.jpg 768w\" sizes=\"(max-width: 850px) 100vw, 850px\" \/><\/figure><div class=\"wp-block-media-text__content\">\n<p><strong>6. Tag: 3. Wandertag<\/strong><br><strong>Roshka \u2013 Gudani \u2013 Kistiani \u2013 Shatili<\/strong><\/p>\n\n\n\n<p>Wanderung \u00fcber den Gudani-Bergr\u00fccken(3.020 m) mit herrlichen Panoramablicken zur verlassenen Festung Kistiani. Autotransfer nach Shatili, einem alten Wehrturmdorf kurz vor der Grenze nach Tschetschenien.<br>\u00dcbernachtung in Shatili (F\/LP\/A)<\/p>\n<\/div><\/div>\n\n\n\n<div class=\"wp-block-media-text alignwide is-stacked-on-mobile\" style=\"grid-template-columns:30% auto\"><figure class=\"wp-block-media-text__media\"><img loading=\"lazy\" width=\"850\" height=\"567\" src=\"https:\/\/www.erkareisen.com\/wp-content\/uploads\/2024\/01\/a_trekking_24_Shatili.jpg\" alt=\"\" class=\"wp-image-3639 size-full\" srcset=\"https:\/\/www.erkareisen.com\/wp-content\/uploads\/2024\/01\/a_trekking_24_Shatili.jpg 850w, https:\/\/www.erkareisen.com\/wp-content\/uploads\/2024\/01\/a_trekking_24_Shatili-300x200.jpg 300w, https:\/\/www.erkareisen.com\/wp-content\/uploads\/2024\/01\/a_trekking_24_Shatili-150x100.jpg 150w, https:\/\/www.erkareisen.com\/wp-content\/uploads\/2024\/01\/a_trekking_24_Shatili-768x512.jpg 768w\" sizes=\"(max-width: 850px) 100vw, 850px\" \/><\/figure><div class=\"wp-block-media-text__content\">\n<p><strong>7. Tag: 4. Wandertag<\/strong><br><strong>Shatili \u2013 Mutso \u2013 Khonis`chala \u2013 Khidotani<\/strong><\/p>\n\n\n\n<p>Wanderung zur Dorffestung Mutso. Unterwegs Stopp an den mittelalterlichen Sterbeh\u00e4usern von Anatori. Wanderung \u00fcber Ardoti zum Dorf Khonis`chala, von da zum Zeltplatz Khidotani. Unterwegs Besichtigung von sch\u00f6nen Hochgebirgs-Friedh\u00f6fen.<br>\u00dcbernachtung in Khidotani (F\/LP\/A)<\/p>\n<\/div><\/div>\n\n\n\n<div class=\"wp-block-media-text alignwide is-stacked-on-mobile\" style=\"grid-template-columns:30% auto\"><figure class=\"wp-block-media-text__media\"><img loading=\"lazy\" width=\"850\" height=\"567\" src=\"https:\/\/www.erkareisen.com\/wp-content\/uploads\/2024\/01\/a_trekking_08_Atsunta_Pass.jpg\" alt=\"\" class=\"wp-image-3642 size-full\" srcset=\"https:\/\/www.erkareisen.com\/wp-content\/uploads\/2024\/01\/a_trekking_08_Atsunta_Pass.jpg 850w, https:\/\/www.erkareisen.com\/wp-content\/uploads\/2024\/01\/a_trekking_08_Atsunta_Pass-300x200.jpg 300w, https:\/\/www.erkareisen.com\/wp-content\/uploads\/2024\/01\/a_trekking_08_Atsunta_Pass-150x100.jpg 150w, https:\/\/www.erkareisen.com\/wp-content\/uploads\/2024\/01\/a_trekking_08_Atsunta_Pass-768x512.jpg 768w\" sizes=\"(max-width: 850px) 100vw, 850px\" \/><\/figure><div class=\"wp-block-media-text__content\">\n<p><strong>8. Tag: 5. Wandertag<\/strong><br><strong>Atsunta Pass<\/strong><\/p>\n\n\n\n<p>Wanderung \u00fcber den Adsunta-Pass (3.431 m), von wo aus sich ein hervorragender Panoramablick er\u00f6ffnet. Hier verl\u00e4uft die Grenze zwischen den Provinzen Chewsuretien und Tuschetien. Abstieg zum Zeltplatz Kvakhidi.<br>\u00dcbernachtung in Kvakhidi im Zelt (F\/LP\/A)<\/p>\n<\/div><\/div>\n\n\n\n<div class=\"wp-block-media-text alignwide is-stacked-on-mobile\" style=\"grid-template-columns:30% auto\"><figure class=\"wp-block-media-text__media\"><img loading=\"lazy\" width=\"850\" height=\"566\" src=\"https:\/\/www.erkareisen.com\/wp-content\/uploads\/2024\/01\/a_trekking_29_Parsma.jpg\" alt=\"\" class=\"wp-image-3646 size-full\" srcset=\"https:\/\/www.erkareisen.com\/wp-content\/uploads\/2024\/01\/a_trekking_29_Parsma.jpg 850w, https:\/\/www.erkareisen.com\/wp-content\/uploads\/2024\/01\/a_trekking_29_Parsma-300x200.jpg 300w, https:\/\/www.erkareisen.com\/wp-content\/uploads\/2024\/01\/a_trekking_29_Parsma-150x100.jpg 150w, https:\/\/www.erkareisen.com\/wp-content\/uploads\/2024\/01\/a_trekking_29_Parsma-768x511.jpg 768w\" sizes=\"(max-width: 850px) 100vw, 850px\" \/><\/figure><div class=\"wp-block-media-text__content\">\n<p><strong>9. Tag: 6. Wandertag<\/strong><br><strong>Kvakhidi \u2013 Girevi \u2013 Parsma<\/strong><\/p>\n\n\n\n<p>Wanderung \u00fcber das Dorf Girevi nach Parsma durch eine spektakul\u00e4re Schlucht und das verlassene Dorf Chontio.<br>\u00dcbernachtung in Parsma (F\/LP\/A)<\/p>\n<\/div><\/div>\n\n\n\n<div class=\"wp-block-media-text alignwide is-stacked-on-mobile\" style=\"grid-template-columns:30% auto\"><figure class=\"wp-block-media-text__media\"><img loading=\"lazy\" width=\"850\" height=\"567\" src=\"https:\/\/www.erkareisen.com\/wp-content\/uploads\/2024\/01\/a_trekking_12_unterwegs-Kopie-2.jpg\" alt=\"\" class=\"wp-image-3649 size-full\" srcset=\"https:\/\/www.erkareisen.com\/wp-content\/uploads\/2024\/01\/a_trekking_12_unterwegs-Kopie-2.jpg 850w, https:\/\/www.erkareisen.com\/wp-content\/uploads\/2024\/01\/a_trekking_12_unterwegs-Kopie-2-300x200.jpg 300w, https:\/\/www.erkareisen.com\/wp-content\/uploads\/2024\/01\/a_trekking_12_unterwegs-Kopie-2-150x100.jpg 150w, https:\/\/www.erkareisen.com\/wp-content\/uploads\/2024\/01\/a_trekking_12_unterwegs-Kopie-2-768x512.jpg 768w\" sizes=\"(max-width: 850px) 100vw, 850px\" \/><\/figure><div class=\"wp-block-media-text__content\">\n<p><strong>10. Tag: 7. Wandertag<\/strong><br><strong>Parsma \u2013 Dano \u2013 Kvavlo \u2013 Dartlo<\/strong><\/p>\n\n\n\n<p>Wanderung durch die sch\u00f6nen Wehrd\u00f6rfer Dano und Kvavlo nach Dartlo. Auf dem Weg mehrere Besichtigungen einzigartiger Friedh\u00f6fe und Petroglyphen.<br>\u00dcbernachtung in Dartlo (F\/LP\/A)<\/p>\n<\/div><\/div>\n\n\n\n<div class=\"wp-block-media-text alignwide is-stacked-on-mobile\" style=\"grid-template-columns:30% auto\"><figure class=\"wp-block-media-text__media\"><img loading=\"lazy\" width=\"850\" height=\"567\" src=\"https:\/\/www.erkareisen.com\/wp-content\/uploads\/2024\/01\/a_trekking_20_Khidotani-Kopie.jpg\" alt=\"\" class=\"wp-image-3651 size-full\" srcset=\"https:\/\/www.erkareisen.com\/wp-content\/uploads\/2024\/01\/a_trekking_20_Khidotani-Kopie.jpg 850w, https:\/\/www.erkareisen.com\/wp-content\/uploads\/2024\/01\/a_trekking_20_Khidotani-Kopie-300x200.jpg 300w, https:\/\/www.erkareisen.com\/wp-content\/uploads\/2024\/01\/a_trekking_20_Khidotani-Kopie-150x100.jpg 150w, https:\/\/www.erkareisen.com\/wp-content\/uploads\/2024\/01\/a_trekking_20_Khidotani-Kopie-768x512.jpg 768w\" sizes=\"(max-width: 850px) 100vw, 850px\" \/><\/figure><div class=\"wp-block-media-text__content\">\n<p><strong>11. Tag: 8. Wandertag<\/strong><br><strong>Von Dartlo nach Omalo<\/strong><\/p>\n\n\n\n<p>Nach Besichtigung der Kirchenruinen (19. Jh.) und einer Gerichtsst\u00e4tte (18. Jh.) in Dartlo Wanderung \u00fcber die D\u00f6rfer Mirgvela und Alt-Omalo nach Omalo, dem Hauptort der Provinz Tuschetien.<br>\u00dcbernachtung in Omalo (F\/LP\/A)<\/p>\n<\/div><\/div>\n\n\n\n<div class=\"wp-block-media-text alignwide is-stacked-on-mobile\" style=\"grid-template-columns:30% auto\"><figure class=\"wp-block-media-text__media\"><img loading=\"lazy\" width=\"340\" height=\"226\" src=\"https:\/\/www.erkareisen.com\/wp-content\/uploads\/2024\/01\/Trekking_11.jpg\" alt=\"\" class=\"wp-image-3655 size-full\" srcset=\"https:\/\/www.erkareisen.com\/wp-content\/uploads\/2024\/01\/Trekking_11.jpg 340w, https:\/\/www.erkareisen.com\/wp-content\/uploads\/2024\/01\/Trekking_11-300x199.jpg 300w, https:\/\/www.erkareisen.com\/wp-content\/uploads\/2024\/01\/Trekking_11-150x100.jpg 150w\" sizes=\"(max-width: 340px) 100vw, 340px\" \/><\/figure><div class=\"wp-block-media-text__content\">\n<p><strong>12. Tag: Fahrt \u00fcber den Abano-Pass in die Weinbauprovinz Kachetien<\/strong><\/p>\n\n\n\n<p>Spaziergang durch das Dorf Omalo mit Besuchen der Festung Keselo, dem Ethnografischen Museum und dem Besucherzentrum des Nationalparks. Danach Fahrt \u00fcber den wilden Abano-Pass (2.959 m) nach Iqalto mit fantastischen Ausblicken auf Tuschetien und Kachetien.<\/p>\n\n\n\n<p>\u00dcbernachtung in Iqalto (F\/LP\/A).<\/p>\n<\/div><\/div>\n\n\n\n<div class=\"wp-block-media-text alignwide is-stacked-on-mobile\" style=\"grid-template-columns:30% auto\"><figure class=\"wp-block-media-text__media\"><img loading=\"lazy\" width=\"340\" height=\"226\" src=\"https:\/\/www.erkareisen.com\/wp-content\/uploads\/2024\/01\/Trekking_12.jpg\" alt=\"\" class=\"wp-image-3657 size-full\" srcset=\"https:\/\/www.erkareisen.com\/wp-content\/uploads\/2024\/01\/Trekking_12.jpg 340w, https:\/\/www.erkareisen.com\/wp-content\/uploads\/2024\/01\/Trekking_12-300x199.jpg 300w, https:\/\/www.erkareisen.com\/wp-content\/uploads\/2024\/01\/Trekking_12-150x100.jpg 150w\" sizes=\"(max-width: 340px) 100vw, 340px\" \/><\/figure><div class=\"wp-block-media-text__content\">\n<p><strong>13. Tag: Tagesrundfahrt Kachetien<\/strong><\/p>\n\n\n\n<p>Ein Tagesausflug durch die Weinbauprovinz Kachetien mit Besichtigung der Kathedrale Alaverdi, der Wehrkirche Gremi, dem Kloster Nekressi und der Provinz-Hauptstadt Telawi mit einem Rundgang \u00fcber den Bauernmarkt. Besuch ded Museums des georgischen Dichters Alexander Tschawtschawadse in Tsinandali mit Weinprobe.<br>\u00dcbernachtung in Iqalto (F\/M\/A).<\/p>\n<\/div><\/div>\n\n\n\n<div class=\"wp-block-media-text alignwide is-stacked-on-mobile\" style=\"grid-template-columns:30% auto\"><figure class=\"wp-block-media-text__media\"><img loading=\"lazy\" width=\"340\" height=\"226\" src=\"https:\/\/www.erkareisen.com\/wp-content\/uploads\/2024\/01\/Trekking_13.jpg\" alt=\"\" class=\"wp-image-3659 size-full\" srcset=\"https:\/\/www.erkareisen.com\/wp-content\/uploads\/2024\/01\/Trekking_13.jpg 340w, https:\/\/www.erkareisen.com\/wp-content\/uploads\/2024\/01\/Trekking_13-300x199.jpg 300w, https:\/\/www.erkareisen.com\/wp-content\/uploads\/2024\/01\/Trekking_13-150x100.jpg 150w\" sizes=\"(max-width: 340px) 100vw, 340px\" \/><\/figure><div class=\"wp-block-media-text__content\">\n<p><strong>14. Tag: H\u00f6hlenkloster David Garedschi<\/strong><\/p>\n\n\n\n<p>R\u00fcckfahrt nach Tbilissi \u00fcber den Gombori-Pass (1.620 m). Unterwegs Besichtigung des Kloster-Ensembles Alt Shuamta (5. \u2013 7. Jahrhundert). Abstecher in die Garedschi-W\u00fcste mit Besuch des Klosters Lavra.<br>\u00dcbernachtung in Tbilissi (F\/M\/A).<\/p>\n<\/div><\/div>\n\n\n\n<div class=\"wp-block-media-text alignwide is-stacked-on-mobile\" style=\"grid-template-columns:30% auto\"><figure class=\"wp-block-media-text__media\"><img loading=\"lazy\" width=\"340\" height=\"226\" src=\"https:\/\/www.erkareisen.com\/wp-content\/uploads\/2024\/01\/Trekking_14.jpg\" alt=\"\" class=\"wp-image-3662 size-full\" srcset=\"https:\/\/www.erkareisen.com\/wp-content\/uploads\/2024\/01\/Trekking_14.jpg 340w, https:\/\/www.erkareisen.com\/wp-content\/uploads\/2024\/01\/Trekking_14-300x199.jpg 300w, https:\/\/www.erkareisen.com\/wp-content\/uploads\/2024\/01\/Trekking_14-150x100.jpg 150w\" sizes=\"(max-width: 340px) 100vw, 340px\" \/><\/figure><div class=\"wp-block-media-text__content\">\n<p><strong>15. Tag: Tbilissi mit Abschiedsbankett<\/strong><\/p>\n\n\n\n<p>Ein Tag zur freien Verf\u00fcgung in Tbilissi. Am Abend laden wir zu einem gro\u00dfen Abschiedsbankett \u201eNeue Georgische K\u00fcche\u201c ein.<br>\u00dcbernachtung in Tbilissi (F\/-\/A).<\/p>\n\n\n\n<p><strong>16. Tag: R\u00fcckreise<\/strong><\/p>\n\n\n\n<p>Transfer zum Flughafen<\/p>\n<\/div><\/div>\n\n\n\n<p class=\"has-text-align-left\"><strong>Die Trekking-Tour kann auch ohne Begleitprogramm als Zehntages-Tour (8 Wandertage) ab und nach Tbilissi gebucht werden.<\/strong><\/p>\n\n\n\n<p class=\"has-text-align-left\"><strong>Unsere Leistungen<\/strong><br><strong>Transfers:<\/strong><br>Alle Transfers laut Programm mit komfortablen Gel\u00e4nde-Fahrzeugen.<br>Gep\u00e4cktransfer mit dem Auto oder mit Packpferd. Auch bei den Wandertagen ist das Begleitfahrzeug im Notfall (Wetter oder Verletzung) abrufbar mit Ausnahme der beiden Zelt-\u00dcbernachtungen.<\/p>\n\n\n\n<p><strong>Reiseleitung:<\/strong><br>Deutsch\/Englisch-sprachige, ortskundige Reiseleitung und Wanderf\u00fchrung<\/p>\n\n\n\n<p><strong>Gep\u00e4ck:<\/strong><br>Das Wandergep\u00e4ck der Teilnehmer, das von den Packpferden getragen wird, sollte 15 kg nicht \u00fcberschreiten. Es sollte in Form eines Rucksacks mitgenommen werden. Plastikkoffer oder \u00c4hnliches k\u00f6nnen nicht transportiert werden. In Tbilissi k\u00f6nnen Reisekoffer f\u00fcr die Zeit der Wanderungen kostenfrei deponiert werden. Im Begleitfahrzeug k\u00f6nnen Ersatz-Rucks\u00e4cke mitgef\u00fchrt werden.<\/p>\n\n\n\n<p><strong>Unterk\u00fcnfte:<\/strong><br>Sch\u00f6ne und gastfreundliche Familien-G\u00e4steh\u00e4user (Etagen-B\u00e4der\/WC) in Omalo, Dartlo, Parsma, Shatili, Roshka, Stepanzminda<br>Zeltunterk\u00fcnfte in Kvakhidi und Khidotani (Zwei-Personen-Zelte mit Schlafs\u00e4cken und Luftmatrazen werden gestellt)<br>Tbilissi: ***-Hotel Kartli (DZ\/EZ mit WC\/Dusche &#8211; EZ auf Wunsch m\u00f6glich)<br>Iqalto: ****-Hotel Savaneti (DZ\/EZ mit WC\/Dusche \u2013 EZ auf Wunsch m\u00f6glich)<\/p>\n\n\n\n<p><strong>Verpflegung:<\/strong><br>Vollpension (laut Reiseprogramm)<br>F: Fr\u00fchst\u00fcck &#8211; &nbsp;LP: Lunchpaket \u2013 M: Mittagessen \u2013 A: Abendessen<br>Bei den Tageswanderungen mit Zelt\u00fcbernachtungen wird die Verpflegung organisiert, Mithilfe ist erw\u00fcnscht.<\/p>\n\n\n\n<p><strong>Eintritte:<\/strong><br>Alle Eintritte laut Programm.<\/p>\n\n\n\n<p><strong>Nicht enthaltene Leistungen<\/strong>:<br>Flug, Reiseversicherung, Alkoholische Getr\u00e4nke mit Ausnahme der beiden Bankette in Tbilissi und einer Weinprobe in Kachetien.<\/p>\n\n\n\n<p>Bei Abschluss eines Reisevertrages erh\u00e4lt jeder Teilnehmer gratis eine PDF-Version des Buches von Rainer Kaufmann <strong>\u201eGeorgien \u2013 Begegnungen in zwei Jahrzehnten\u201c<\/strong> und einer Stra\u00dfenkarte von Georgien<\/p>\n\n\n\n<p><strong>Preise pro Person (ohne Flug) bei einer Gruppengr\u00f6\u00dfe von maximal 4 Personen:<\/strong><\/p>\n\n\n\n<p><strong>14 Tage Vollprogramm<\/strong> &nbsp;&nbsp;&nbsp;&nbsp;&nbsp;&nbsp;&nbsp;&nbsp;&nbsp;&nbsp;&nbsp;&nbsp;&nbsp;&nbsp;&nbsp;&nbsp;&nbsp;&nbsp;&nbsp;&nbsp;&nbsp;<strong>10 Tage Kurzprogramm<\/strong><br>2 Personen:&nbsp;&nbsp;&nbsp;&nbsp;&nbsp;&nbsp;&nbsp;&nbsp;&nbsp;&nbsp;&nbsp; \u20ac 4.580,&#8211;&nbsp;&nbsp;&nbsp;&nbsp;&nbsp;&nbsp;&nbsp;&nbsp;&nbsp;&nbsp;&nbsp;&nbsp;&nbsp;&nbsp; \u20ac 3.720,&#8211;<br>3 Personen:&nbsp;&nbsp;&nbsp;&nbsp;&nbsp;&nbsp;&nbsp;&nbsp;&nbsp;&nbsp;&nbsp; \u20ac 3.480,&#8211;&nbsp;&nbsp;&nbsp;&nbsp;&nbsp;&nbsp;&nbsp;&nbsp;&nbsp;&nbsp;&nbsp;&nbsp;&nbsp;&nbsp; \u20ac 2.740,&#8211;<br>4 Personen:&nbsp;&nbsp;&nbsp;&nbsp;&nbsp;&nbsp;&nbsp;&nbsp;&nbsp;&nbsp;&nbsp; \u20ac 2.880,&#8211;&nbsp;&nbsp;&nbsp;&nbsp;&nbsp;&nbsp;&nbsp;&nbsp;&nbsp;&nbsp;&nbsp;&nbsp;&nbsp;&nbsp; \u20ac 2.240,&#8211;<br>EZ-Zuschlag: &nbsp;&nbsp;&nbsp;&nbsp;&nbsp;&nbsp;&nbsp;&nbsp; \u20ac&nbsp;&nbsp;&nbsp; 120,&#8211;<\/p>\n\n\n\n<p><strong>Flugbuchungen<\/strong><br>Da in den letzten Jahren immer mehr Reisende ihre Fl\u00fcge preiswerter und individuell \u00fcber Internet buchen, bieten wir diese Reise ohne Flug an. Wir sind Ihnen aber gerne bei der Suche nach einem preiswerten und geeigneten Flug nach Ihren individuellen W\u00fcnschen behilflich.<\/p>\n\n\n\n<p>Bedingt durch die individuellen An- und Abflugszeiten k\u00f6nnen sich am ersten und letzen Tag Programm\u00e4nderungen ergeben.<\/p>\n\n\n\n<p>Veranstalter ist unsere Schwesterfirma-Firma <strong><em>ERKA TRAVEL CAUCASUS Ltd<\/em>.<\/strong> in Tiflis.<\/p>\n\n\n\n<p><strong>Buchung per e-mail:<\/strong><br><a href=\"mailto:\/\/service@erkareisen.de\">service@erkareisen.de<\/a><a rel=\"noreferrer noopener\" href=\"https:\/\/www.facebook.com\/sharer\/sharer.php?u=https%3A%2F%2Fwww.erkareisen.com%2F%3Fpage_id%3D1525\" target=\"_blank\"><\/a><a rel=\"noreferrer noopener\" href=\"http:\/\/twitter.com\/intent\/tweet?text=Exklusive%20Wein%20%26%20Gourmetreise&amp;url=https%3A%2F%2Fwww.erkareisen.com%2F%3Fpage_id%3D1525\" target=\"_blank\"><\/a><a rel=\"noreferrer noopener\" href=\"http:\/\/reddit.com\/submit?url=https%3A%2F%2Fwww.erkareisen.com%2F%3Fpage_id%3D1525&amp;title=Exklusive%20Wein%20%26%20Gourmetreise\" target=\"_blank\"><\/a><a rel=\"noreferrer noopener\" href=\"http:\/\/www.linkedin.com\/shareArticle?mini=true&amp;url=https%3A%2F%2Fwww.erkareisen.com%2F%3Fpage_id%3D1525&amp;title=Exklusive%20Wein%20%26%20Gourmetreise\" target=\"_blank\"><\/a><a href=\"https:\/\/www.erkareisen.com\/?page_id=1525\"><\/a><a rel=\"noreferrer noopener\" href=\"https:\/\/mewe.com\/share?link=https%3A%2F%2Fwww.erkareisen.com%2F%3Fpage_id%3D1525\" target=\"_blank\"><\/a><a rel=\"noreferrer noopener\" href=\"https:\/\/mix.com\/mixit?url=https%3A%2F%2Fwww.erkareisen.com%2F%3Fpage_id%3D1525\" target=\"_blank\"><\/a><a rel=\"noreferrer noopener\" href=\"https:\/\/api.whatsapp.com\/send?text=Exklusive%20Wein%20%26%20Gourmetreise https%3A%2F%2Fwww.erkareisen.com%2F%3Fpage_id%3D1525\" target=\"_blank\"><\/a><a href=\"https:\/\/www.erkareisen.com\/?page_id=1525\"><\/a><\/p>\n","protected":false},"excerpt":{"rendered":"<p>Achtt\u00e4gige Wanderung vom Kazbek nach OmaloBuchbar mit oder ohne RahmenprogrammPilottour 14. &#8211; 30. Juni 2024 1. Tag: AnreiseFlughafentransfer ins Hotel &#8211;&nbsp; \u00dcbernachtung in Tbilissi 2. Tag: Tbilissi \u2013 Stadtbesichtigung und georgische SupraAlternativer Stadtrundgang mit Besichtigung auch verborgener Pl\u00e4tze. Besuch des &hellip; <a href=\"https:\/\/www.erkareisen.com\/?page_id=3624\">Weiter<\/a><\/p>\n","protected":false},"author":3,"featured_media":0,"parent":0,"menu_order":0,"comment_status":"closed","ping_status":"closed","template":"","meta":{"kt_blocks_editor_width":"","ngg_post_thumbnail":0},"_links":{"self":[{"href":"https:\/\/www.erkareisen.com\/index.php?rest_route=\/wp\/v2\/pages\/3624"}],"collection":[{"href":"https:\/\/www.erkareisen.com\/index.php?rest_route=\/wp\/v2\/pages"}],"about":[{"href":"https:\/\/www.erkareisen.com\/index.php?rest_route=\/wp\/v2\/types\/page"}],"author":[{"embeddable":true,"href":"https:\/\/www.erkareisen.com\/index.php?rest_route=\/wp\/v2\/users\/3"}],"replies":[{"embeddable":true,"href":"https:\/\/www.erkareisen.com\/index.php?rest_route=%2Fwp%2Fv2%2Fcomments&post=3624"}],"version-history":[{"count":20,"href":"https:\/\/www.erkareisen.com\/index.php?rest_route=\/wp\/v2\/pages\/3624\/revisions"}],"predecessor-version":[{"id":4664,"href":"https:\/\/www.erkareisen.com\/index.php?rest_route=\/wp\/v2\/pages\/3624\/revisions\/4664"}],"wp:attachment":[{"href":"https:\/\/www.erkareisen.com\/index.php?rest_route=%2Fwp%2Fv2%2Fmedia&parent=3624"}],"curies":[{"name":"wp","href":"https:\/\/api.w.org\/{rel}","templated":true}]}}